{"id":2811,"date":"2020-03-12T11:48:11","date_gmt":"2020-03-12T14:48:11","guid":{"rendered":"https:\/\/www.verilinebazar.com.br\/?page_id=2811"},"modified":"2024-04-02T10:15:09","modified_gmt":"2024-04-02T13:15:09","slug":"auto-atendimento-veriline-bazar","status":"publish","type":"page","link":"https:\/\/www.verilinebazar.com.br\/index.php\/auto-atendimento-veriline-bazar\/","title":{"rendered":"Auto Atendimento"},"content":{"rendered":"\n<h2>\n\t\tAuto Atendimento\n\t<\/h2>\n\t<p>Como Fazer o Pedido:<\/p>\nSelecione um segmento no menu CATEGORIA<br \/>\nEscolha o produto e quantidade e clique em Comprar. Sendo um produto com varia\u00e7\u00f5es de cor ou tamanho, e preciso selecionar cada cor e quantidade primeiro<br \/>\n\n<p>Informe o CEP do endere\u00e7o de entrega para o c\u00e1lculo do frete e clique em OK.<\/p>\nSelecione o meio de pagamento preferido, cart\u00e3o de cr\u00e9dito, transfer\u00eancia banc\u00e1ria ou boleto banc\u00e1rio.<br \/>\nCadastre-se no site o ou fa\u00e7a seu login com seu e-mail e senha.\n<p>Pronto! Agora \u00e9 s\u00f3 aguardar seu pedido!.<\/p>\n<p>&nbsp;<\/p>\n<p>&nbsp;<\/p>\n\n","protected":false},"excerpt":{"rendered":"<p>Auto Atendimento Como Fazer o Pedido: Selecione um segmento no menu CATEGORIA Escolha o produto e quantidade e clique em Comprar. Sendo um produto com varia\u00e7\u00f5es de cor ou tamanho, e preciso selecionar cada cor e quantidade primeiro Informe o CEP do endere\u00e7o de entrega para o c\u00e1lculo do frete e clique em OK. Selecione [&hellip;]<\/p>\n","protected":false},"author":1,"featured_media":0,"parent":0,"menu_order":0,"comment_status":"closed","ping_status":"closed","template":"","meta":{"_crdt_document":"","_uag_custom_page_level_css":"","site-sidebar-layout":"default","site-content-layout":"","ast-site-content-layout":"default","site-content-style":"default","site-sidebar-style":"default","ast-global-header-display":"","ast-banner-title-visibility":"","ast-main-header-display":"","ast-hfb-above-header-display":"","ast-hfb-below-header-display":"","ast-hfb-mobile-header-display":"","site-post-title":"","ast-breadcrumbs-content":"","ast-featured-img":"","footer-sml-layout":"","ast-disable-related-posts":"","theme-transparent-header-meta":"","adv-header-id-meta":"","stick-header-meta":"","header-above-stick-meta":"","header-main-stick-meta":"","header-below-stick-meta":"","astra-migrate-meta-layouts":"set","ast-page-background-enabled":"default","ast-page-background-meta":{"desktop":{"background-color":"","background-image":"","background-repeat":"repeat","background-position":"center center","background-size":"auto","background-attachment":"scroll","background-type":"","background-media":"","overlay-type":"","overlay-color":"","overlay-opacity":"","overlay-gradient":""},"tablet":{"background-color":"","background-image":"","background-repeat":"repeat","background-position":"center center","background-size":"auto","background-attachment":"scroll","background-type":"","background-media":"","overlay-type":"","overlay-color":"","overlay-opacity":"","overlay-gradient":""},"mobile":{"background-color":"","background-image":"","background-repeat":"repeat","background-position":"center center","background-size":"auto","background-attachment":"scroll","background-type":"","background-media":"","overlay-type":"","overlay-color":"","overlay-opacity":"","overlay-gradient":""}},"ast-content-background-meta":{"desktop":{"background-color":"var(--ast-global-color-5)","background-image":"","background-repeat":"repeat","background-position":"center center","background-size":"auto","background-attachment":"scroll","background-type":"","background-media":"","overlay-type":"","overlay-color":"","overlay-opacity":"","overlay-gradient":""},"tablet":{"background-color":"var(--ast-global-color-5)","background-image":"","background-repeat":"repeat","background-position":"center center","background-size":"auto","background-attachment":"scroll","background-type":"","background-media":"","overlay-type":"","overlay-color":"","overlay-opacity":"","overlay-gradient":""},"mobile":{"background-color":"var(--ast-global-color-5)","background-image":"","background-repeat":"repeat","background-position":"center center","background-size":"auto","background-attachment":"scroll","background-type":"","background-media":"","overlay-type":"","overlay-color":"","overlay-opacity":"","overlay-gradient":""}},"footnotes":""},"class_list":["post-2811","page","type-page","status-publish","hentry"],"uagb_featured_image_src":{"full":false,"thumbnail":false,"medium":false,"medium_large":false,"large":false,"ryviu-small":false,"ryviu-medium":false,"1536x1536":false,"2048x2048":false,"wishsuite-image":false,"ever-compare-image":false,"_nx_notification_thumb_100_100":false,"_nx_notification_thumb_200_200":false,"_nx_notification_thumb_300_300":false,"_nx_notification_thumb_400_400":false,"_nx_notification_thumb_500_500":false,"woocommerce_thumbnail":false,"woocommerce_single":false,"woocommerce_gallery_thumbnail":false,"dgwt-wcas-product-suggestion":false,"yith-woocompare-image":false},"uagb_author_info":{"display_name":"admin","author_link":"https:\/\/www.verilinebazar.com.br\/index.php\/author\/admin\/"},"uagb_comment_info":0,"uagb_excerpt":"Auto Atendimento Como Fazer o Pedido: Selecione um segmento no menu CATEGORIA Escolha o produto e quantidade e clique em Comprar. Sendo um produto com varia\u00e7\u00f5es de cor ou tamanho, e preciso selecionar cada cor e quantidade primeiro Informe o CEP do endere\u00e7o de entrega para o c\u00e1lculo do frete e clique em OK. Selecione&hellip;","post_mailing_queue_ids":[],"_links":{"self":[{"href":"https:\/\/www.verilinebazar.com.br\/index.php\/wp-json\/wp\/v2\/pages\/2811","targetHints":{"allow":["GET"]}}],"collection":[{"href":"https:\/\/www.verilinebazar.com.br\/index.php\/wp-json\/wp\/v2\/pages"}],"about":[{"href":"https:\/\/www.verilinebazar.com.br\/index.php\/wp-json\/wp\/v2\/types\/page"}],"author":[{"embeddable":true,"href":"https:\/\/www.verilinebazar.com.br\/index.php\/wp-json\/wp\/v2\/users\/1"}],"replies":[{"embeddable":true,"href":"https:\/\/www.verilinebazar.com.br\/index.php\/wp-json\/wp\/v2\/comments?post=2811"}],"version-history":[{"count":6,"href":"https:\/\/www.verilinebazar.com.br\/index.php\/wp-json\/wp\/v2\/pages\/2811\/revisions"}],"predecessor-version":[{"id":33590,"href":"https:\/\/www.verilinebazar.com.br\/index.php\/wp-json\/wp\/v2\/pages\/2811\/revisions\/33590"}],"wp:attachment":[{"href":"https:\/\/www.verilinebazar.com.br\/index.php\/wp-json\/wp\/v2\/media?parent=2811"}],"curies":[{"name":"wp","href":"https:\/\/api.w.org\/{rel}","templated":true}]}}